{"id":40690,"date":"2025-07-04T19:14:04","date_gmt":"2025-07-04T23:14:04","guid":{"rendered":"https:\/\/itservisglobal.com\/sitio\/?page_id=40690"},"modified":"2025-09-03T16:16:13","modified_gmt":"2025-09-03T20:16:13","slug":"servicios","status":"publish","type":"page","link":"https:\/\/itservisglobal.com\/sitio\/servicios\/","title":{"rendered":"Servicios"},"content":{"rendered":"\n<p><br><br><br><br><\/p>\n\n\n\n<!DOCTYPE html>\n<html lang=\"es\">\n<head>\n  <meta charset=\"UTF-8\" \/>\n  <meta name=\"viewport\" content=\"width=device-width, initial-scale=1.0\" \/>\n  <title>Nuestros Servicios &#8211; IT Servicios y Suministros<\/title>\n  <link rel=\"stylesheet\" href=\"estilos.css\" \/>\n<\/head>\n<body>\n  <section class=\"servicios\">\n    <header>\n      <h1>\ud83d\udee0\ufe0f Nuestros Servicios<\/h1>\n      <p>\n        Contamos con profesionales acad\u00e9micos capacitados en distintas \u00e1reas tecnol\u00f3gicas. Esto nos permite ofrecer a nuestros clientes una variedad de servicios orientados al hogar, la empresa y la industria.\n      <\/p>\n    <\/header>\n\n    <article>\n      <h2>\ud83d\udcbb Ventas y Suministro<\/h2>\n      <ul>\n        <li>Computadoras de mesa y port\u00e1tiles<\/li>\n        <li>Accesorios y partes<\/li>\n        <li>Equipos de comunicaci\u00f3n inal\u00e1mbrica<\/li>\n        <li>Equipos de entretenimiento digital<\/li>\n      <\/ul>\n    <\/article>\n\n    <article>\n      <h2>\ud83e\udde0 Desarrollo de Software<\/h2>\n      <ul>\n        <li>Aplicaciones administrativas<\/li>\n        <li>Sistemas basados en web<\/li>\n        <li>Aplicaciones m\u00f3viles<\/li>\n        <li>Sistemas transaccionales<\/li>\n      <\/ul>\n    <\/article>\n\n    <article>\n      <h2>\ud83c\udf10 Presencia en la Web<\/h2>\n      <ul>\n        <li>Dise\u00f1o de p\u00e1ginas web<\/li>\n        <li>Gesti\u00f3n de dominios y hospedaje<\/li>\n        <li>Instalaci\u00f3n de servidores<\/li>\n        <li>Servicios FTP, web y control remoto<\/li>\n      <\/ul>\n    <\/article>\n\n    <article>\n      <h2>\ud83e\uddee Sistemas y Procedimientos<\/h2>\n      <ul>\n        <li>Optimizaci\u00f3n de procesos<\/li>\n        <li>Manuales y procedimientos<\/li>\n        <li>Modelos matem\u00e1ticos<\/li>\n        <li>An\u00e1lisis estad\u00edstico<\/li>\n      <\/ul>\n    <\/article>\n\n    <article>\n      <h2>\ud83d\udd27 Servicio T\u00e9cnico Especializado<\/h2>\n      <ul>\n        <li>Instalaci\u00f3n y configuraci\u00f3n de software<\/li>\n        <li>Detecci\u00f3n de fallas<\/li>\n        <li>Mantenimiento preventivo<\/li>\n        <li>Respaldo y restauraci\u00f3n de datos<\/li>\n      <\/ul>\n    <\/article>\n\n    <article>\n      <h2>\ud83d\udce1 Redes de Datos<\/h2>\n      <ul>\n        <li>Planeaci\u00f3n de redes<\/li>\n        <li>Cableado estructurado<\/li>\n        <li>Redes inal\u00e1mbricas (Wi-Fi)<\/li>\n        <li>Enlaces entre oficinas<\/li>\n      <\/ul>\n    <\/article>\n\n    <article>\n      <h2>\ud83d\udecd\ufe0f Comercio Electr\u00f3nico<\/h2>\n      <ul>\n        <li>Campa\u00f1as de Publicidad en Redes Sociales<\/li>\n        <li>Promoci\u00f3n de productos<\/li>\n        <li>Tienda virtual<\/li>\n        <li>Pasarelas de Pago<\/li>\n      <\/ul>\n    <\/article>\n\n    <article>\n      <h2>\ud83c\udfa5 Seguridad Electr\u00f3nica<\/h2>\n      <ul>\n        <li>Circuito cerrado de televisi\u00f3n (CCTV)<\/li>\n        <li>Grabaci\u00f3n digital de video<\/li>\n        <li>Monitoreo remoto por Internet<\/li>\n        <li>Equipos de seguridad<\/li>\n      <\/ul>\n    <\/article>\n\n    <article>\n      <h2>\ud83c\udf9e\ufe0f Audiovisuales<\/h2>\n      <ul>\n        <li>Presentaciones electr\u00f3nicas<\/li>\n        <li>Producci\u00f3n de Videos<\/li>\n        <li>Modelado 2D\/3D<\/li>\n        <li>Arte Publicitario<\/li>\n      <\/ul>\n    <\/article>\n\n    <article>\n      <h2>\ud83d\udce2 Publicidad<\/h2>\n      <ul>\n        <li>Pancartas y vallas<\/li>\n        <li>Volantes y afiches<\/li>\n        <li>Material POP<\/li>\n        <li>Art\u00edculos Personalizados<\/li>\n      <\/ul>\n    <\/article>\n  <\/section>\n<\/body>\n<\/html>\n","protected":false},"excerpt":{"rendered":"<p>Nuestros Servicios &#8211; IT Servicios y Suministros \ud83d\udee0\ufe0f Nuestros Servicios Contamos con profesionales acad\u00e9micos capacitados en distintas \u00e1reas tecnol\u00f3gicas. Esto nos permite ofrecer a nuestros clientes una variedad de servicios orientados al hogar, la empresa y la industria. \ud83d\udcbb Ventas y Suministro Computadoras de mesa y port\u00e1tiles Accesorios y partes Equipos de comunicaci\u00f3n inal\u00e1mbrica Equipos [&hellip;]<\/p>\n","protected":false},"author":1,"featured_media":0,"parent":0,"menu_order":0,"comment_status":"closed","ping_status":"closed","template":"","meta":{"footnotes":""},"class_list":["post-40690","page","type-page","status-publish","hentry"],"yoast_head":"<!-- This site is optimized with the Yoast SEO plugin v27.4 - https:\/\/yoast.com\/product\/yoast-seo-wordpress\/ -->\n<title>Servicios - ITSERVIS<\/title>\n<meta name=\"robots\" content=\"index, follow, max-snippet:-1, max-image-preview:large, max-video-preview:-1\" \/>\n<link rel=\"canonical\" href=\"https:\/\/itservisglobal.com\/sitio\/servicios\/\" \/>\n<meta property=\"og:locale\" content=\"es_ES\" \/>\n<meta property=\"og:type\" content=\"article\" \/>\n<meta property=\"og:title\" content=\"Servicios - ITSERVIS\" \/>\n<meta property=\"og:description\" content=\"Nuestros Servicios &#8211; IT Servicios y Suministros \ud83d\udee0\ufe0f Nuestros Servicios Contamos con profesionales acad\u00e9micos capacitados en distintas \u00e1reas tecnol\u00f3gicas. Esto nos permite ofrecer a nuestros clientes una variedad de servicios orientados al hogar, la empresa y la industria. \ud83d\udcbb Ventas y Suministro Computadoras de mesa y port\u00e1tiles Accesorios y partes Equipos de comunicaci\u00f3n inal\u00e1mbrica Equipos [&hellip;]\" \/>\n<meta property=\"og:url\" content=\"https:\/\/itservisglobal.com\/sitio\/servicios\/\" \/>\n<meta property=\"og:site_name\" content=\"ITSERVIS\" \/>\n<meta property=\"article:modified_time\" content=\"2025-09-03T20:16:13+00:00\" \/>\n<meta name=\"twitter:card\" content=\"summary_large_image\" \/>\n<meta name=\"twitter:label1\" content=\"Tiempo estimado de lectura\" \/>\n\t<meta name=\"twitter:data1\" content=\"1 minuto\" \/>\n<script type=\"application\/ld+json\" class=\"yoast-schema-graph\">{\"@context\":\"https:\\\/\\\/schema.org\",\"@graph\":[{\"@type\":\"WebPage\",\"@id\":\"https:\\\/\\\/itservisglobal.com\\\/sitio\\\/servicios\\\/\",\"url\":\"https:\\\/\\\/itservisglobal.com\\\/sitio\\\/servicios\\\/\",\"name\":\"Servicios - ITSERVIS\",\"isPartOf\":{\"@id\":\"https:\\\/\\\/itservisglobal.com\\\/sitio\\\/#website\"},\"datePublished\":\"2025-07-04T23:14:04+00:00\",\"dateModified\":\"2025-09-03T20:16:13+00:00\",\"breadcrumb\":{\"@id\":\"https:\\\/\\\/itservisglobal.com\\\/sitio\\\/servicios\\\/#breadcrumb\"},\"inLanguage\":\"es\",\"potentialAction\":[{\"@type\":\"ReadAction\",\"target\":[\"https:\\\/\\\/itservisglobal.com\\\/sitio\\\/servicios\\\/\"]}]},{\"@type\":\"BreadcrumbList\",\"@id\":\"https:\\\/\\\/itservisglobal.com\\\/sitio\\\/servicios\\\/#breadcrumb\",\"itemListElement\":[{\"@type\":\"ListItem\",\"position\":1,\"name\":\"Portada\",\"item\":\"https:\\\/\\\/itservisglobal.com\\\/sitio\\\/\"},{\"@type\":\"ListItem\",\"position\":2,\"name\":\"Servicios\"}]},{\"@type\":\"WebSite\",\"@id\":\"https:\\\/\\\/itservisglobal.com\\\/sitio\\\/#website\",\"url\":\"https:\\\/\\\/itservisglobal.com\\\/sitio\\\/\",\"name\":\"ITSERVIS\",\"description\":\"ITSERVIS GLOBAL\",\"potentialAction\":[{\"@type\":\"SearchAction\",\"target\":{\"@type\":\"EntryPoint\",\"urlTemplate\":\"https:\\\/\\\/itservisglobal.com\\\/sitio\\\/?s={search_term_string}\"},\"query-input\":{\"@type\":\"PropertyValueSpecification\",\"valueRequired\":true,\"valueName\":\"search_term_string\"}}],\"inLanguage\":\"es\"}]}<\/script>\n<!-- \/ Yoast SEO plugin. -->","yoast_head_json":{"title":"Servicios - ITSERVIS","robots":{"index":"index","follow":"follow","max-snippet":"max-snippet:-1","max-image-preview":"max-image-preview:large","max-video-preview":"max-video-preview:-1"},"canonical":"https:\/\/itservisglobal.com\/sitio\/servicios\/","og_locale":"es_ES","og_type":"article","og_title":"Servicios - ITSERVIS","og_description":"Nuestros Servicios &#8211; IT Servicios y Suministros \ud83d\udee0\ufe0f Nuestros Servicios Contamos con profesionales acad\u00e9micos capacitados en distintas \u00e1reas tecnol\u00f3gicas. Esto nos permite ofrecer a nuestros clientes una variedad de servicios orientados al hogar, la empresa y la industria. \ud83d\udcbb Ventas y Suministro Computadoras de mesa y port\u00e1tiles Accesorios y partes Equipos de comunicaci\u00f3n inal\u00e1mbrica Equipos [&hellip;]","og_url":"https:\/\/itservisglobal.com\/sitio\/servicios\/","og_site_name":"ITSERVIS","article_modified_time":"2025-09-03T20:16:13+00:00","twitter_card":"summary_large_image","twitter_misc":{"Tiempo estimado de lectura":"1 minuto"},"schema":{"@context":"https:\/\/schema.org","@graph":[{"@type":"WebPage","@id":"https:\/\/itservisglobal.com\/sitio\/servicios\/","url":"https:\/\/itservisglobal.com\/sitio\/servicios\/","name":"Servicios - ITSERVIS","isPartOf":{"@id":"https:\/\/itservisglobal.com\/sitio\/#website"},"datePublished":"2025-07-04T23:14:04+00:00","dateModified":"2025-09-03T20:16:13+00:00","breadcrumb":{"@id":"https:\/\/itservisglobal.com\/sitio\/servicios\/#breadcrumb"},"inLanguage":"es","potentialAction":[{"@type":"ReadAction","target":["https:\/\/itservisglobal.com\/sitio\/servicios\/"]}]},{"@type":"BreadcrumbList","@id":"https:\/\/itservisglobal.com\/sitio\/servicios\/#breadcrumb","itemListElement":[{"@type":"ListItem","position":1,"name":"Portada","item":"https:\/\/itservisglobal.com\/sitio\/"},{"@type":"ListItem","position":2,"name":"Servicios"}]},{"@type":"WebSite","@id":"https:\/\/itservisglobal.com\/sitio\/#website","url":"https:\/\/itservisglobal.com\/sitio\/","name":"ITSERVIS","description":"ITSERVIS GLOBAL","potentialAction":[{"@type":"SearchAction","target":{"@type":"EntryPoint","urlTemplate":"https:\/\/itservisglobal.com\/sitio\/?s={search_term_string}"},"query-input":{"@type":"PropertyValueSpecification","valueRequired":true,"valueName":"search_term_string"}}],"inLanguage":"es"}]}},"_links":{"self":[{"href":"https:\/\/itservisglobal.com\/sitio\/wp-json\/wp\/v2\/pages\/40690","targetHints":{"allow":["GET"]}}],"collection":[{"href":"https:\/\/itservisglobal.com\/sitio\/wp-json\/wp\/v2\/pages"}],"about":[{"href":"https:\/\/itservisglobal.com\/sitio\/wp-json\/wp\/v2\/types\/page"}],"author":[{"embeddable":true,"href":"https:\/\/itservisglobal.com\/sitio\/wp-json\/wp\/v2\/users\/1"}],"replies":[{"embeddable":true,"href":"https:\/\/itservisglobal.com\/sitio\/wp-json\/wp\/v2\/comments?post=40690"}],"version-history":[{"count":3,"href":"https:\/\/itservisglobal.com\/sitio\/wp-json\/wp\/v2\/pages\/40690\/revisions"}],"predecessor-version":[{"id":45542,"href":"https:\/\/itservisglobal.com\/sitio\/wp-json\/wp\/v2\/pages\/40690\/revisions\/45542"}],"wp:attachment":[{"href":"https:\/\/itservisglobal.com\/sitio\/wp-json\/wp\/v2\/media?parent=40690"}],"curies":[{"name":"wp","href":"https:\/\/api.w.org\/{rel}","templated":true}]}}