{"id":40717,"date":"2025-07-04T20:12:09","date_gmt":"2025-07-05T00:12:09","guid":{"rendered":"https:\/\/itservisglobal.com\/sitio\/?page_id=40717"},"modified":"2025-07-05T00:31:49","modified_gmt":"2025-07-05T04:31:49","slug":"productos","status":"publish","type":"page","link":"https:\/\/itservisglobal.com\/sitio\/productos\/","title":{"rendered":"Productos"},"content":{"rendered":"<div class=\"display-posts-listing image-left\"><div class=\"listing-item\"><a class=\"image\" href=\"https:\/\/itservisglobal.com\/sitio\/tarjeta-de-visita-virtual\/\"><img loading=\"lazy\" decoding=\"async\" width=\"150\" height=\"150\" src=\"https:\/\/itservisglobal.com\/sitio\/wp-content\/uploads\/2026\/04\/WhatsApp-Image-2026-04-13-at-5.42.28-PM-150x150.jpeg\" class=\"attachment-thumbnail size-thumbnail wp-post-image\" alt=\"\" \/><\/a> <a class=\"title\" href=\"https:\/\/itservisglobal.com\/sitio\/tarjeta-de-visita-virtual\/\">Tarjeta de Visita Virtual<\/a> <span class=\"excerpt-dash\">-<\/span> <span class=\"excerpt\">&nbsp; \ud83c\udf10 Tu enlace personal en la red tunombre.itservisglobal.com Convierte tu presentaci\u00f3n en algo memorable: obt\u00e9n tu propio enlace \u00fanico,&hellip; <span class=\"excerpt-more\"><\/span><\/span><\/div><div class=\"listing-item\"><a class=\"image\" href=\"https:\/\/itservisglobal.com\/sitio\/publiinmueble-com\/\"><img loading=\"lazy\" decoding=\"async\" width=\"150\" height=\"150\" src=\"https:\/\/itservisglobal.com\/sitio\/wp-content\/uploads\/2025\/12\/Screenshot_1-150x150.png\" class=\"attachment-thumbnail size-thumbnail wp-post-image\" alt=\"\" \/><\/a> <a class=\"title\" href=\"https:\/\/itservisglobal.com\/sitio\/publiinmueble-com\/\">PubliInmueble.com<\/a> <span class=\"excerpt-dash\">-<\/span> <span class=\"excerpt\">P\u00e1gina para la Publicaci\u00f3n y B\u00fasqueda de Inmuebles (Venezuela \/ M\u00e9xico) &nbsp; Ir al sitio de PubliInmueble.com &nbsp; <span class=\"excerpt-more\"><\/span><\/span><\/div><div class=\"listing-item\"><a class=\"image\" href=\"https:\/\/itservisglobal.com\/sitio\/printman\/\"><img loading=\"lazy\" decoding=\"async\" width=\"150\" height=\"150\" src=\"https:\/\/itservisglobal.com\/sitio\/wp-content\/uploads\/2025\/12\/PRINTMAN1-150x150.jpg\" class=\"attachment-thumbnail size-thumbnail wp-post-image\" alt=\"\" \/><\/a> <a class=\"title\" href=\"https:\/\/itservisglobal.com\/sitio\/printman\/\">PRINTMAN<\/a> <span class=\"excerpt-dash\">-<\/span> <span class=\"excerpt\">Software Manejador de \u00d3rdenes de Impresi\u00f3n para Centros Mayoristas de Impresi\u00f3n Digital, o con Alto Volumen de Impresiones. &nbsp; Registro&hellip; <span class=\"excerpt-more\"><\/span><\/span><\/div><div class=\"listing-item\"><a class=\"image\" href=\"https:\/\/itservisglobal.com\/sitio\/ilocker\/\"><img loading=\"lazy\" decoding=\"async\" width=\"150\" height=\"150\" src=\"https:\/\/itservisglobal.com\/sitio\/wp-content\/uploads\/2025\/12\/pendon-peq-ilocker-150x150.jpg\" class=\"attachment-thumbnail size-thumbnail wp-post-image\" alt=\"\" \/><\/a> <a class=\"title\" href=\"https:\/\/itservisglobal.com\/sitio\/ilocker\/\">ILOCKER<\/a> <span class=\"excerpt-dash\">-<\/span> <span class=\"excerpt\">Software Tarificador para Salas Web o Cyber Caf\u00e9s. Versi\u00f3n para Alquiler de Juguetes o Carritos, basados en tiempo de uso.&hellip; <span class=\"excerpt-more\"><\/span><\/span><\/div><div class=\"listing-item\"><a class=\"image\" href=\"https:\/\/itservisglobal.com\/sitio\/taxi-taxi-app\/\"><img loading=\"lazy\" decoding=\"async\" width=\"150\" height=\"150\" src=\"https:\/\/itservisglobal.com\/sitio\/wp-content\/uploads\/2023\/03\/TT-QR-2-150x150.jpg\" class=\"attachment-thumbnail size-thumbnail wp-post-image\" alt=\"\" srcset=\"https:\/\/itservisglobal.com\/sitio\/wp-content\/uploads\/2023\/03\/TT-QR-2-150x150.jpg 150w, https:\/\/itservisglobal.com\/sitio\/wp-content\/uploads\/2023\/03\/TT-QR-2-300x297.jpg 300w, https:\/\/itservisglobal.com\/sitio\/wp-content\/uploads\/2023\/03\/TT-QR-2-768x761.jpg 768w, https:\/\/itservisglobal.com\/sitio\/wp-content\/uploads\/2023\/03\/TT-QR-2.jpg 943w\" sizes=\"auto, (max-width: 150px) 100vw, 150px\" \/><\/a> <a class=\"title\" href=\"https:\/\/itservisglobal.com\/sitio\/taxi-taxi-app\/\">Taxi-Taxi App<\/a> <span class=\"excerpt-dash\">-<\/span> <span class=\"excerpt\">Aplicaci\u00f3n M\u00f3vil para pedir Servicio de Taxi y Delivery en Venezuela. &nbsp; Ir al Sitio de la Aplicaci\u00f3n <span class=\"excerpt-more\"><\/span><\/span><\/div><\/div>\n","protected":false},"excerpt":{"rendered":"","protected":false},"author":1,"featured_media":0,"parent":0,"menu_order":0,"comment_status":"closed","ping_status":"closed","template":"","meta":{"footnotes":""},"class_list":["post-40717","page","type-page","status-publish","hentry"],"yoast_head":"<!-- This site is optimized with the Yoast SEO plugin v27.4 - https:\/\/yoast.com\/product\/yoast-seo-wordpress\/ -->\n<title>Productos - ITSERVIS<\/title>\n<meta name=\"robots\" content=\"index, follow, max-snippet:-1, max-image-preview:large, max-video-preview:-1\" \/>\n<link rel=\"canonical\" href=\"https:\/\/itservisglobal.com\/sitio\/productos\/\" \/>\n<meta property=\"og:locale\" content=\"es_ES\" \/>\n<meta property=\"og:type\" content=\"article\" \/>\n<meta property=\"og:title\" content=\"Productos - ITSERVIS\" \/>\n<meta property=\"og:url\" content=\"https:\/\/itservisglobal.com\/sitio\/productos\/\" \/>\n<meta property=\"og:site_name\" content=\"ITSERVIS\" \/>\n<meta property=\"article:modified_time\" content=\"2025-07-05T04:31:49+00:00\" \/>\n<meta name=\"twitter:card\" content=\"summary_large_image\" \/>\n<meta name=\"twitter:label1\" content=\"Tiempo estimado de lectura\" \/>\n\t<meta name=\"twitter:data1\" content=\"1 minuto\" \/>\n<script type=\"application\/ld+json\" class=\"yoast-schema-graph\">{\"@context\":\"https:\\\/\\\/schema.org\",\"@graph\":[{\"@type\":\"WebPage\",\"@id\":\"https:\\\/\\\/itservisglobal.com\\\/sitio\\\/productos\\\/\",\"url\":\"https:\\\/\\\/itservisglobal.com\\\/sitio\\\/productos\\\/\",\"name\":\"Productos - ITSERVIS\",\"isPartOf\":{\"@id\":\"https:\\\/\\\/itservisglobal.com\\\/sitio\\\/#website\"},\"datePublished\":\"2025-07-05T00:12:09+00:00\",\"dateModified\":\"2025-07-05T04:31:49+00:00\",\"breadcrumb\":{\"@id\":\"https:\\\/\\\/itservisglobal.com\\\/sitio\\\/productos\\\/#breadcrumb\"},\"inLanguage\":\"es\",\"potentialAction\":[{\"@type\":\"ReadAction\",\"target\":[\"https:\\\/\\\/itservisglobal.com\\\/sitio\\\/productos\\\/\"]}]},{\"@type\":\"BreadcrumbList\",\"@id\":\"https:\\\/\\\/itservisglobal.com\\\/sitio\\\/productos\\\/#breadcrumb\",\"itemListElement\":[{\"@type\":\"ListItem\",\"position\":1,\"name\":\"Portada\",\"item\":\"https:\\\/\\\/itservisglobal.com\\\/sitio\\\/\"},{\"@type\":\"ListItem\",\"position\":2,\"name\":\"Productos\"}]},{\"@type\":\"WebSite\",\"@id\":\"https:\\\/\\\/itservisglobal.com\\\/sitio\\\/#website\",\"url\":\"https:\\\/\\\/itservisglobal.com\\\/sitio\\\/\",\"name\":\"ITSERVIS\",\"description\":\"ITSERVIS GLOBAL\",\"potentialAction\":[{\"@type\":\"SearchAction\",\"target\":{\"@type\":\"EntryPoint\",\"urlTemplate\":\"https:\\\/\\\/itservisglobal.com\\\/sitio\\\/?s={search_term_string}\"},\"query-input\":{\"@type\":\"PropertyValueSpecification\",\"valueRequired\":true,\"valueName\":\"search_term_string\"}}],\"inLanguage\":\"es\"}]}<\/script>\n<!-- \/ Yoast SEO plugin. -->","yoast_head_json":{"title":"Productos - ITSERVIS","robots":{"index":"index","follow":"follow","max-snippet":"max-snippet:-1","max-image-preview":"max-image-preview:large","max-video-preview":"max-video-preview:-1"},"canonical":"https:\/\/itservisglobal.com\/sitio\/productos\/","og_locale":"es_ES","og_type":"article","og_title":"Productos - ITSERVIS","og_url":"https:\/\/itservisglobal.com\/sitio\/productos\/","og_site_name":"ITSERVIS","article_modified_time":"2025-07-05T04:31:49+00:00","twitter_card":"summary_large_image","twitter_misc":{"Tiempo estimado de lectura":"1 minuto"},"schema":{"@context":"https:\/\/schema.org","@graph":[{"@type":"WebPage","@id":"https:\/\/itservisglobal.com\/sitio\/productos\/","url":"https:\/\/itservisglobal.com\/sitio\/productos\/","name":"Productos - ITSERVIS","isPartOf":{"@id":"https:\/\/itservisglobal.com\/sitio\/#website"},"datePublished":"2025-07-05T00:12:09+00:00","dateModified":"2025-07-05T04:31:49+00:00","breadcrumb":{"@id":"https:\/\/itservisglobal.com\/sitio\/productos\/#breadcrumb"},"inLanguage":"es","potentialAction":[{"@type":"ReadAction","target":["https:\/\/itservisglobal.com\/sitio\/productos\/"]}]},{"@type":"BreadcrumbList","@id":"https:\/\/itservisglobal.com\/sitio\/productos\/#breadcrumb","itemListElement":[{"@type":"ListItem","position":1,"name":"Portada","item":"https:\/\/itservisglobal.com\/sitio\/"},{"@type":"ListItem","position":2,"name":"Productos"}]},{"@type":"WebSite","@id":"https:\/\/itservisglobal.com\/sitio\/#website","url":"https:\/\/itservisglobal.com\/sitio\/","name":"ITSERVIS","description":"ITSERVIS GLOBAL","potentialAction":[{"@type":"SearchAction","target":{"@type":"EntryPoint","urlTemplate":"https:\/\/itservisglobal.com\/sitio\/?s={search_term_string}"},"query-input":{"@type":"PropertyValueSpecification","valueRequired":true,"valueName":"search_term_string"}}],"inLanguage":"es"}]}},"_links":{"self":[{"href":"https:\/\/itservisglobal.com\/sitio\/wp-json\/wp\/v2\/pages\/40717","targetHints":{"allow":["GET"]}}],"collection":[{"href":"https:\/\/itservisglobal.com\/sitio\/wp-json\/wp\/v2\/pages"}],"about":[{"href":"https:\/\/itservisglobal.com\/sitio\/wp-json\/wp\/v2\/types\/page"}],"author":[{"embeddable":true,"href":"https:\/\/itservisglobal.com\/sitio\/wp-json\/wp\/v2\/users\/1"}],"replies":[{"embeddable":true,"href":"https:\/\/itservisglobal.com\/sitio\/wp-json\/wp\/v2\/comments?post=40717"}],"version-history":[{"count":6,"href":"https:\/\/itservisglobal.com\/sitio\/wp-json\/wp\/v2\/pages\/40717\/revisions"}],"predecessor-version":[{"id":40780,"href":"https:\/\/itservisglobal.com\/sitio\/wp-json\/wp\/v2\/pages\/40717\/revisions\/40780"}],"wp:attachment":[{"href":"https:\/\/itservisglobal.com\/sitio\/wp-json\/wp\/v2\/media?parent=40717"}],"curies":[{"name":"wp","href":"https:\/\/api.w.org\/{rel}","templated":true}]}}